{"id":11415,"date":"2021-09-17T14:08:12","date_gmt":"2021-09-17T11:08:12","guid":{"rendered":"https:\/\/www.eticaretmerkezim.com\/ecompw\/?page_id=11415"},"modified":"2021-09-20T12:02:17","modified_gmt":"2021-09-20T09:02:17","slug":"ecom-experts-talk-e-ticarette-seonun-onemi-webinar-kayit","status":"publish","type":"page","link":"https:\/\/www.eticaretmerkezim.com\/ecompw\/ecom-experts-talk-e-ticarette-seonun-onemi-webinar-kayit\/","title":{"rendered":"Ecom Experts Talk \u201cE-ticarette SEO&#8217;nun \u00d6nemi\u201d Webinar Kay\u0131t"},"content":{"rendered":"<div class=\"alert-message error\"><i class=\"icon-cancel\"><\/i><p>\u00dczg\u00fcn\u00fcz, e\u011fitime kay\u0131t olmak  i\u00e7in giri\u015f yapmal\u0131s\u0131n\u0131z.<\/p><\/div> \r\n<a class=\"sign-in-lock mob-sign-in\" href=\"\/giri\u015f\/\" data-toggle=\"modal\"><i class=\"icon-user\"><\/i><\/a>\r\n<a class=\"button-default button-sign-in\" href=\"\/giri\u015f\/\" data-toggle=\"modal\">Giri\u015f Yap<\/a><a class=\"button-default-2 button-sign-up\" href=\"\/kayit-ol\/\">Kay\u0131t Ol<\/a>\n<p>&nbsp;<\/p>\n","protected":false},"excerpt":{"rendered":"<p>&nbsp;<\/p>\n","protected":false},"author":10,"featured_media":0,"parent":0,"menu_order":0,"comment_status":"closed","ping_status":"closed","template":"template-contact.php","meta":[],"_links":{"self":[{"href":"https:\/\/www.eticaretmerkezim.com\/ecompw\/wp-json\/wp\/v2\/pages\/11415"}],"collection":[{"href":"https:\/\/www.eticaretmerkezim.com\/ecompw\/wp-json\/wp\/v2\/pages"}],"about":[{"href":"https:\/\/www.eticaretmerkezim.com\/ecompw\/wp-json\/wp\/v2\/types\/page"}],"author":[{"embeddable":true,"href":"https:\/\/www.eticaretmerkezim.com\/ecompw\/wp-json\/wp\/v2\/users\/10"}],"replies":[{"embeddable":true,"href":"https:\/\/www.eticaretmerkezim.com\/ecompw\/wp-json\/wp\/v2\/comments?post=11415"}],"version-history":[{"count":0,"href":"https:\/\/www.eticaretmerkezim.com\/ecompw\/wp-json\/wp\/v2\/pages\/11415\/revisions"}],"wp:attachment":[{"href":"https:\/\/www.eticaretmerkezim.com\/ecompw\/wp-json\/wp\/v2\/media?parent=11415"}],"curies":[{"name":"wp","href":"https:\/\/api.w.org\/{rel}","templated":true}]}}